27?
6
What is the ten thousands digit of 1516555?
1
What is the tens digit of 836878?
7
What is the ten millions digit of 11767394?
1
What is the ten thousands digit of 9560386?
6
What is the hundreds digit of 3919884?
8
What is the units digit of 6226500?
0
What is the hundreds digit of 7369340?
3
What is the hundreds digit of 20734879?
8
What is the units digit of 1266296?
6
What is the tens digit of 12275843?
4
What is the hundreds digit of 1888940?
9
What is the ten thousands digit of 2958724?
5
What is the units digit of 7196484?
4
What is the hundreds digit of 15684242?
2
What is the hundreds digit of 9473170?
1
What is the thousands digit of 630563?
0
What is the ten thousands digit of 28240980?
4
What is the ten thousands digit of 160388?
6
What is the tens digit of 1364944?
4
What is the units digit of 3426483?
3
What is the tens digit of 503700?
0
What is the tens digit of 15869748?
4
What is the hundreds digit of 25625161?
1
What is the tens digit of 10629525?
2
What is the thousands digit of 1936324?
6
What is the tens digit of 561151?
5
What is the millions digit of 9859235?
9
What is the ten millions digit of 18930704?
1
What is the ten thousands digit of 27151?
2
What is the thousands digit of 119221?
9
What is the tens digit of 569438?
3
What is the units digit of 256668?
8
What is the ten thousands digit of 2920996?
2
What is the hundred thousands digit of 7221108?
2
What is the hundreds digit of 1415915?
9
What is the hundreds digit of 1932483?
4
What is the tens digit of 142534?
3
What is the ten thousands digit of 193032?
9
What is the ten thousands digit of 3352207?
5
What is the hundreds digit of 560009?
0
What is the thousands digit of 340514?
0
What is the units digit of 250624?
4
What is the hundred thousands digit of 3361430?
3
What is the tens digit of 2321?
2
What is the thousands digit of 338331?
8
What is the thousands digit of 636826?
6
What is the ten thousands digit of 309664?
0
What is the hundreds digit of 4229278?
2
What is the millions digit of 24546015?
4
What is the tens digit of 2471768?
6
What is the ten thousands digit of 212052?
1
What is the millions digit of 15065693?
5
What is the hundred thousands digit of 1426757?
4
What is the hundreds digit of 89276?
2
What is the units digit of 119457?
7
What is the thousands digit of 394897?
4
What is the hundreds digit of 478791?
7
What is the units digit of 20347885?
5
What is the tens digit of 1158103?
0
What is the hundred thousands digit of 855693?
8
What is the ten millions digit of 10743401?
1
What is the units digit of 4044530?
0
What is the millions digit of 4709791?
4
What is the ten thousands digit of 315743?
1
What is the tens digit of 519960?
6
What is the hundreds digit of 1279117?
1
What is the ten thousands digit of 267684?
6
What is the ten millions digit of 30456082?
3
What is the units digit of 340532?
2
What is the tens digit of 1398793?
9
What is the units digit of 7874545?
5
What is the tens digit of 739183?
8
What is the thousands digit of 46678?
6
What is the ten thousands digit of 5756686?
5
What is the thousands digit of 245296?
5
What is the hundred thousands digit of 8990319?
9
What is the ten thousands digit of 81431?
8
What is the ten thousands digit of 7566985?
6
What is the ten thousands digit of 455689?
5
What is the units digit of 81449?
9
What is the ten millions digit of 25778953?
2
What is the hundreds digit of 35634982?
9
What is the thousands digit of 1573377?
3
What is the thousands digit of 203243?
3
What is the ten thousands digit of 3971676?
7
What is the hundreds digit of 16934698?
6
What is the tens digit of 188319?
1
What is the hundreds digit of 2101007?
0
What is the millions digit of 2105659?
2
What is the ten millions digit of 15914637?
1
What is the ten millions digit of 11636069?
1
What is the units digit of 110504?
4
What is the hundred thousands digit of 3472767?
4
What is the hundred thousands digit of 1184455?
1
What is the thousands digit of 460099?
0
What is the tens digit of 815356?
5
What is the thousands digit of 692634?
2
What is the tens digit of 359413?
1
What is the hundreds digit of 314076?
0
What is the ten millions digit of 19889180?
1
What is the tens digit of 4268967?
6
What is the ten thousands digit of 5908545?
0
What is the thousands digit of 18451649?
1
What is the millions digit of 25080552?
5
What is the hundreds digit of 3945609?
6
What is the ten millions digit of 10628134?
1
What is the ten thousands digit of 8974070?
7
What is the ten millions digit of 14714716?
1
What is the millions digit of 22376870?
2
What is the ten thousands digit of 3267773?
6
What is the hundreds digit of 20041029?
0
What is the tens digit of 28225?
2
What is the ten thousands digit of 1760305?
6
What is the millions digit of 1753520?
1
What is the ten thousands digit of 40142?
4
What is the ten thousands digit of 2252165?
5
What is the units digit of 917956?
6
What is the units digit of 923393?
3
What is the thousands digit of 265409?
5
What is the tens digit of 373565?
6
What is the hundred thousands digit of 1576067?
5
What is the units digit of 5817630?
0
What is the thousands digit of 2034687?
4
What is the hundreds digit of 1227289?
2
What is the hundreds digit of 629105?
1
What is the ten thousands digit of 1906045?
0
What is the units digit of 136283?
3
What is the tens digit of 293749?
4
What is the thousands digit of 182266?
2
What is the tens digit of 920403?
0
What is the thousands digit of 787370?
7
What is the thousands digit of 221147?
1
What is the hundreds digit of 979583?
5
What is the hundred thousands digit of 929085?
9
What is the units digit of 298278?
8
What is the hundreds digit of 630141?
1
What is the ten millions digit of 19452410?
1
What is the units digit of 131555?
5
What is the thousands digit of 54817?
4
What is the hundreds digit of 1008705?
7
What is the hundred thousands digit of 19816912?
8
What is the millions digit of 1877948?
1
What is the thousands digit of 247120?
7
What is the hundred thousands digit of 14903865?
9
What is the tens digit of 79136?
3
What is the tens digit of 246923?
2
What is the thousands digit of 106842?
6
What is the millions digit of 32052163?
2
What is the units digit of 13783938?
8
What is the hundred thousands digit of 4655946?
6
What is the thousands digit of 2869814?
9
What is the ten thousands digit of 3917001?
1
What is the hundred thousands digit of 311583?
3
What is the hundred thousands digit of 589933?
5
What is the ten thousands digit of 29339?
2
What is the millions digit of 2208033?
2
What is the hundreds digit of 127881?
8
What is the ten thousands digit of 418615?
1
What is the tens digit of 586755?
5
What is the hundreds digit of 18224542?
5
What is the thousands digit of 582089?
2
What is the hundred thousands digit of 958066?
9
What is the tens digit of 5394238?
3
What is the thousands digit of 115530?
5
What is the ten thousands digit of 281544?
8
What is the tens digit of 657150?
5
What is the thousands digit of 586801?
6
What is the hundreds digit of 13343384?
3
What is the thousands digit of 12321090?
1
What is the hundred thousands digit of 211609?
2
What is the units digit of 591081?
1
What is the units digit of 606021?
1
What is the thousands digit of 231768?
1
What is the hundred thousands digit of 133484?
1
What is the tens digit of 1216887?
8
What is the hundreds digit of 1483440?
4
What is the tens digit of 666386?
8
What is the units digit of 198170?
0
What is the tens digit of 3086830?
3
What is the ten thousands digit of 114260?
1
What is the thousands digit of 3363210?
3
What is the units digit of 98808?
8
What is the hundreds digit of 1316693?
6
What is the hundreds digit of 1838835?
8
What is the millions digit of 1383106?
1
What is the thousands digit of 534615?
4
What is the units digit of 254815?
5
What is the ten thousands digit of 78384?
7
What is the millions digit of 4128426?
4
What is the millions digit of 1583804?
1
What is the ten millions digit of 13340709?
1
What is the hundred thousands digit of 918263?
9
What is the millions digit of 8413394?
8
What is the units digit of 3782895?
5
What is the hundreds digit of 561658?
6
What is the hundreds digit of 6784890?
8
What is the units digit of 77